et v be -3*6/(-27)*6. Suppose v*m + 4*o = 9*m - 490, 2*m - b*o = 196. List the prime factors of m.
2, 7
Suppose -s - 5*k = -2*s + 15, 2*k = -3*s - 6. Suppose 2*y + 3*i = -82, -y + 2*y - 2*i + 41 = s. Let x = 80 - y. List the prime factors of x.
11
What are the prime factors of (-65457)/(-6) + ((-7)/8 - (-3)/8)?
10909
Let k(c) = c - 4. Let n be k(7). Suppose t = 2*s + 2*t - 31, 0 = n*s + 5*t - 36. Suppose 360 = -s*i + 20*i. What are the prime factors of i?
2, 3, 5
Let d(a) = a**3 - a**2 + 6. Let h be d(0). Let m be (-80)/(-15) - 8/h. Suppose m*u + 241 = 4*c + u, c - 2*u = 54. List the prime factors of c.
2
Let i = 1884 + -1668. Let o be 4/6 + (-4792)/(-12). Let w = o - i. What are the prime factors of w?
2, 23
Let a(g) = g**2 - 10*g - 12. Suppose 8 = -2*l - 2*d, -l - 2*d + 4*d = -8. Suppose q + 4 + 2 = l. What are the prime factors of a(q)?
2, 3, 7
Let z = 31 + -1. Let m(h) = 400*h - 380*h + 10 - z. What are the prime factors of m(11)?
2, 5
Suppose g - 15998 = -3*j, -2*j = 16*g - 17*g + 15983. List the prime factors of g.
59, 271
Let t(q) = 3*q**2 + 9*q - 39. Let f be t(3). Suppose f*u = 8915 - 305. List the prime factors of u.
2, 7, 41
Suppose -8035*n + 117953 = -8024*n. List the prime factors of n.
10723
Let g = 14 - -3. Suppose -g*d + 277 = -16*d. What are the prime factors of d?
277
Suppose m = -4*j + 28612 - 6531, 0 = -4*j + 2*m + 22078. List the prime factors of j.
2, 3, 5, 23
Suppose 4*f + 121*n - 76438 = 122*n, 13*f - 248424 = 3*n. List the prime factors of f.
2, 3, 5, 7, 13
What are the prime factors of 3/(-4) + (-6378)/(-16)*38?
3, 11, 17
Suppose 4*n - 3*c - 15 = 9, 5*n + 3*c = 3. Suppose -n*x = -7*x + 8. Suppose q - x*t - 62 = -5*t, 2*t = -5*q + 310. List the prime factors of q.
2, 31
Suppose 5*d - 26 = w - 5*w, -8 = -2*w - 5*d. Let k = w - 9. Suppose -6*h + h + 415 = k. List the prime factors of h.
83
Let h = 279 + -275. Let w(a) = 142*a - 22. What are the prime factors of w(h)?
2, 3, 7, 13
Suppose -288*f - 172*f = -15106526 - 19774354. List the prime factors of f.
2, 3, 71, 89
Let r(k) = -18*k**3 - 18*k**2 - 21*k + 53. What are the prime factors of r(-14)?
11, 4201
Suppose 345*s = 5149211 + 10969534. List the prime factors of s.
19, 2459
List the prime factors of 1/((-11)/(-425526)) - (6 - (-768)/(-132)).
2, 19, 509
Let v be 2/(-16)*2 + (-10168)/32. Let c = 878 + v. List the prime factors of c.
2, 5, 7
Let p = -569 - -237. List the prime factors of p/((-25)/4 + 11 + -5).
2, 83
Let c(x) = -9*x. Let m be c(11). Let z = 97 + m. List the prime factors of z/(-6) - (8450/15)/(-5).
113
Let x = -375 - -641. Suppose 2*g - 16 = x. Let m = -30 + g. List the prime factors of m.
3, 37
What are the prime factors of (-998)/5489*77473*-4?
2, 7043
Suppose 5*z + 2105 = i + 4*i, -i - 2*z = -433. Let o = i + -235. What are the prime factors of o?
2, 5, 19
Let m be -5 - (-65)/(-15)*(-12)/4. Suppose -5339 + 299 = -m*t. What are the prime factors of t?
2, 3, 5, 7
Let z(s) = -233*s**3 + s**2 + 4*s + 4. Suppose 4*c - 6*c = 2. What are the prime factors of z(c)?
2, 3, 13
Let o(i) = 4523*i**2 + i - 16. List the prime factors of o(2).
2, 3, 23, 131
Suppose 209*p = 140*p + 103*p - 581536. List the prime factors of p.
2, 1069
Suppose -31*q - 5904 = -27*q. What are the prime factors of 8/(-16) - (q/8 + -2)?
2, 3, 31
Let o(k) = -18*k - 19. Let r be o(-1). Let i(n) be the third derivative of 5*n**5/3 + n**4/24 + n**2. List the prime factors of i(r).
3, 11
Let w be (-2)/(-1)*(-13 + 15). Suppose -w*h = 3*r - 2122, -h + 2*h + 2861 = 4*r. List the prime factors of r.
2, 3, 7, 17
Suppose 0 = -t + 2*g + 19, 4*t + 5*g - 50 = -0*t. Let q be 2424/t + (-4)/(-40)*4. Suppose -34 + q = 2*v. List the prime factors of v.
2
List the prime factors of 28600 - 32 - (-16 - -5).
28579
Let b be ((-336)/60)/(2/20). Let o = b + -90. Let u = -99 - o. List the prime factors of u.
47
Let u(t) = 2*t**2 - 5*t - 5. Let h be u(-4). Suppose -3*y + h + 136 = 0. Let c = 99 - y. What are the prime factors of c?
2, 19
List the prime factors of (17/(-51))/1*-6582.
2, 1097
Let p(h) = 102*h**3 - 6*h**2 - 9*h + 3. Let x be p(-5). Let t be (-2)/10 + x/(-135). Let i = t + -44. What are the prime factors of i?
3, 17
Suppose -g + 9643 + 19473 = 4*q, -2*q + 116380 = 4*g. List the prime factors of g.
2, 7, 1039
Let v = -787 - -1378. Suppose g - 4*t = 514, 2*g = -2*t + v + 387. What are the prime factors of g?
2, 13, 19
Let y(d) = 76*d**3 + 4*d**2 - 3*d - 1. Suppose 6*b - 4*b + i = -1, 3*i + 9 = -3*b. What are the prime factors of y(b)?
617
Let h = 4080 - 3002. List the prime factors of h.
2, 7, 11
Suppose 2*k = f + 17, 0 = -4*f - 0*k + 3*k - 48. Let r = -221 + 330. Let s = r + f. List the prime factors of s.
2, 5
Suppose -4 = -2*s + s - 5*o, -2*s = 3*o - 1. Let b be (s/(-3))/(1/(-3))*-1. Let c(n) = 6*n + 1. List the prime factors of c(b).
7
Suppose -25 = 5*s, -s = -5*d - 2*s + 13595. Let v be 4/3 + d/3. Suppose -8*b = -204 - v. What are the prime factors of b?
139
Let a = 10669 - 2840. What are the prime factors of a?
7829
Let l(x) = x**3 - 9*x**2 + 8*x + 9. Let d be l(8). Suppose 4*n = d*n. Suppose -3*o = 2*v - 69, n = 4*v + 5*o - 3*o - 126. List the prime factors of v.
2, 3, 5
Let p be 11 - (6 - -2) - -32. Suppose 29*o + 5934 = p*o. What are the prime factors of o?
23, 43
Let u(w) = 7*w**2 - 37*w - 104. What are the prime factors of u(-10)?
2, 3, 7, 23
Let u(i) = 35*i - 3004. Let l be u(86). Let x = 2 - 0. Suppose -x*n = -l*n + 408. What are the prime factors of n?
2, 3, 17
Let d(a) = 913*a**3 - a**2 - 61*a + 220. List the prime factors of d(4).
2, 3, 811
Suppose 21*f + 10*f + 186 = 0. Let h(l) = 39*l**2 - 27*l - 110. List the prime factors of h(f).
2, 7, 13
Let l(o) = -134*o + 96. Let n be l(8). Let x = n - -1725. List the prime factors of x.
7, 107
Let v be 20122/(-10) + (16/(-20) - -1). Let g be 1/(v/402 - -5). Let z = -96 - g. List the prime factors of z.
3, 5, 7
Let j(k) = -841*k + 874. What are the prime factors of j(-8)?
2, 3, 7, 181
Suppose 3*a = -3*c - 240, 3*c - 275 - 165 = 5*a. Suppose 5*r + 3*y = 13, r - y = -5*y + 6. List the prime factors of r + -1 - (a - -2).
2, 3, 7
What are the prime factors of (3/(3/(-44186)))/(90 - 92)?
22093
Suppose 2*c + 2*z - 21862 = 0, 3*z - 4190 = 3*c - 36983. What are the prime factors of c?
17, 643
List the prime factors of (482/3)/(244/61488).
2, 3, 7, 241
List the prime factors of 3 + (-6)/(24/(-356))*100.
29, 307
Suppose -19906*t + 19913*t - 262396 - 151598 = 0. What are the prime factors of t?
2, 3, 9857
Let j = -21 + 30. Let y be j/21 - 12/(-21). List the prime factors of y/((-3)/((-1140)/4)).
5, 19
Let j(o) = 3*o**2 - 10*o + 5. Let t(i) = i**2 - i. Let g(d) = j(d) - 2*t(d). Suppose -6*h + 3*h - f = 23, -2*h + 13 = -5*f. List the prime factors of g(h).
89
Suppose -x + o = -3277, -57*o + 13084 = 4*x - 58*o. List the prime factors of x.
7, 467
Let p be -3 - 0/5 - -3. Suppose -3*z = -p*z + 468. Let n = -80 - z. What are the prime factors of n?
2, 19
Let t(r) = -21*r - 122*r - 2 - 266*r - 3. What are the prime factors of t(-1)?
2, 101
Suppose -67020 - 26981 = -23*u. List the prime factors of u.
61, 67
Let q(r) = 10978*r**2 + r - 8. Let u be q(-2). Suppose -15548 = -41*b + u. List the prime factors of b.
2, 5, 29
Suppose -2*o = 3*k - 2 - 6, -1 = k - 3*o. Suppose -5 = -q + 2*m, -k*q - m = -11 + 1. Suppose d = q*d - 496. List the prime factors of d.
2, 31
Let s(z) = -738*z - 675. List the prime factors of s(-5).
3, 5, 67
Let b = -500 - -813. Let l = -73 + b. Let f = -147 + l. List the prime factors of f.
3, 31
Let z = 106 + -52. Let y(x) = 20*x**2 + 54 - 2*x - z. What are the prime factors of y(-1)?
2, 11
Suppose 4*k + 2*m - 2742 = 0, -18 = -4*m + 2. Suppose -13*p + 14*p = -h + k, 2*p = 4*h - 2762. What are the prime factors of h?
2, 43
Let g(y) = -5*y + 8. Let u(h) = -7*h - 40 + 26*h + 5*h. Let b(q) = -22*g(q) - 4*u(q). List the prime factors of b(5).
2, 3
Suppose -4*l = 5*g - 413654, -g - 7190*l = -7194*l - 82702. What are the prime factors of g?
2, 7, 19, 311
Let w(r) = 2*r**2 + 12*r + 16. Let n be w(-23). Let m = n - 489. List the prime factors of m.
3, 103
Let l = -2316 - -9878. List the prime factors of l.
2, 19, 199
Let t = -700 + 6567. List the prime factors of t.
5867
Suppose -7*d - 1977 = -6268. Suppose 4*j - 2016 = -4*a, 2*a - 3*j - 420 = d. List the 